w(t). Determine g(-3).
-5
Let l(k) be the third derivative of k**5/30 + 5*k**4/24 + k**3/3 + 7*k**2. What is l(-3)?
5
Let m(i) be the first derivative of i**3 + 0*i**2 + 1/2*i**4 + 5 - i. Give m(-2).
-5
Let o(n) = n - 1. Let u(d) = 7*d - 4. Let x(k) = -6*o(k) + u(k). Calculate x(-8).
-6
Suppose -6 = -4*y + y. Let v(f) = y - 5*f**2 + 2*f + 2*f**2 - 3*f + f**3. Suppose 6*j - 3*k = j + 3, -3*k = -4*j. Give v(j).
-1
Suppose 3*p + 10 = -2*p, -8 = 5*c - p. Let u(f) = 0*f + f - 1 + 0. Let s be u(c). Let l(x) = x + 1. What is l(s)?
-2
Let p = -12 + 15. Let m(v) = -v**3 + 9 + 7*v**2 - v**3 + 3*v**p + 7*v. What is m(-6)?
3
Let s(z) = z + 12. Let l be s(-7). Let n = 4 - 1. Let c(a) = a**n - 5*a - 4*a**2 + 3 + 0*a**2 - 2*a. Give c(l).
-7
Suppose -1 = z - 4. Suppose -3*g = -z*q - 15, 0 = q + 3*g + 5. Let v(r) = r**3 + 6*r**2 + 6*r + 6. Give v(q).
1
Let f(u) = -6*u**3 - 6*u**2 + u + 1. Let t(v) be the second derivative of v**5/4 + v**4/2 - v**3/6 + 3*v. Let z(l) = -6*f(l) - 7*t(l). Calculate z(6).
0
Let m(a) be the third derivative of 0 - 1/6*a**4 - 5*a**2 - 2/3*a**3 + 0*a. What is m(-3)?
8
Let r(f) = -f**2 + 4*f - 2. Let w be r(4). Let b be ((-7)/2 - w)*-2. Suppose -4*y = -12, 0*a - 5*a = b*y + 1. Let s(h) = 2*h + 1. Calculate s(a).
-3
Suppose -2*a - 2 = -10. Let p = -1 + a. Let n(x) = -2*x**2 + 3*x + 3. What is n(p)?
-6
Let t(m) be the second derivative of m**3/6 + 7*m. Calculate t(-5).
-5
Let b(c) = -c**2 + 3*c - 2. Let q = 1 + 3. Let v = 6 + q. Suppose 8*t - v = 3*t. Determine b(t).
0
Let z(i) be the third derivative of -i**6/60 + i**5/30 + i**4/12 - i**3/6 - 6*i**2. Calculate z(2).
-5
Let k = 5 + -8. Let l(n) = 6*n**3 + 7*n**2 + 6*n - 1. Let j(b) = -b**3 - b**2 - b + 1. Let v(u) = -5*j(u) - l(u). What is v(k)?
8
Suppose 0 = 3*r - 5*z, 4*r = z - 10 + 27. Let t(f) = f**2 - 7*f + 2. What is t(r)?
-8
Let c(a) be the second derivative of -3*a + 0 - 2/5*a**5 + 1/12*a**4 + 0*a**2 + 0*a**3. Determine c(1).
-7
Suppose 13 = 4*b + 1. Suppose 0*n = 2*g + 3*n - 10, -3*n = -3*g. Let l(o) = 2*o + 0*o**g + 2*o - o**2 + 1. Calculate l(b).
4
Let b(z) = z**2 - 7*z + 8. Let n be b(3). Let p(h) = -2*h. What is p(n)?
8
Let p(j) = -j**2 + j + 1. Let k(h) be the second derivative of -h**4/12 + 11*h**3/6 - 13*h**2/2 - 7*h. Let z be k(9). Give p(z).
-19
Let b(m) be the third derivative of m**7/840 + m**6/90 - m**5/60 - 5*m**4/24 + 2*m**3/3 + 3*m**2. Let a(w) be the first derivative of b(w). Calculate a(-4).
3
Suppose -25 = -2*t + 3*z, 0 = -2*t + 2*z - 0*z + 20. Let v(y) = -y**2 + 6*y - 1. Give v(t).
4
Let r(d) = -d**2 + 5*d + 4. Let f(l) = 4*l**2 + 3*l - 2. Let v be f(1). Determine r(v).
4
Let u(n) = 3*n**3 + 2*n**2 - n. Let l(o) = o**2 + 17*o + 5. Let y be l(-17). Let r(x) = -6*x**2 - x. Let d be r(-1). Let g be 2/d + 7/y. Calculate u(g).
4
Let p(y) = -1 - y + 5 + 0. Let k(a) = a - 4. Let f(q) = 2*k(q) + 3*p(q). Calculate f(0).
4
Let r(a) = -a**2 - 10*a + 13. Let f be r(-9). Suppose u - f = 4*o, 0*u - u = -o - 7. Let v(d) = 4*d + 3 - 4 - u*d. Determine v(-1).
-3
Let z(x) = x**3 + 5*x**2 + 5*x + 5. Let u = -63 + 59. Give z(u).
1
Let t(v) be the first derivative of -v**4/4 - 5*v**3/3 - 5*v**2/2 + 4. Calculate t(-4).
4
Let n(y) = -2*y - 9. Let r(d) = 3*d + 10. Let p(b) = -4*n(b) - 3*r(b). Give p(6).
0
Let q(m) be the second derivative of -m**4/6 + 7*m**3/6 - 2*m**2 - 3*m. Give q(5).
-19
Let p(t) = -t**3 + 7*t**2 - 4*t - 6. Let h(c) = -c**3 + 18*c**2 + 2*c - 31. Let o be h(18). What is p(o)?
24
Let c = -17 + 13. Let f(k) = 0*k + 6*k - 4*k - 3*k + 4. What is f(c)?
8
Suppose 0*k - 5*x - 11 = k, 2*x = -5*k - 9. Let g = -16 - -11. Let a(t) = 3*t**2 - 2. Let b(n) = -6*n**2 + 3. Let q(d) = g*a(d) - 3*b(d). Determine q(k).
4
Let a(x) be the second derivative of -x**5/20 + x**4/2 - 7*x**3/6 + 3*x**2/2 - 2*x. Suppose 100 + 68 = -4*n. Let w be (-5)/20 + n/(-8). Give a(w).
-7
Let l(c) = -c**3 - c**2 + c - 2. Let w = 14 - 14. Suppose 4*x + 8 = -w*x. Calculate l(x).
0
Let z(d) be the third derivative of d**8/6720 - d**7/504 - d**6/120 + d**5/30 + d**4/24 + 2*d**2. Let m(b) be the second derivative of z(b). Determine m(6).
4
Let l(r) = -5 + 3 - r + 2. Suppose -3*m = 5*o + 7, 3*o + 2*m + 7 = 3*m. What is l(o)?
2
Let q(k) be the second derivative of -k**7/1260 - k**6/180 + k**5/120 - k**4/4 - 5*k. Let x(s) be the third derivative of q(s). Determine x(-3).
-5
Let s(a) = a - 1. Suppose 14 = -4*i - 2*k + 36, -9 = -2*i - 3*k. Suppose 3*c + i = -6. Determine s(c).
-5
Let v(l) = -2*l + 1. Suppose -2*y + 5 = 5*g - 17, -4*y - g = -8. Calculate v(y).
-1
Let f(d) be the third derivative of d**6/120 + d**5/12 + d**4/8 - 5*d**3/6 + 2*d**2. Suppose -5*v = 10, 2*v + 2 = -s - 3. Let u be (2/3)/(s/6). Determine f(u).
-1
Let q(t) be the third derivative of t**6/120 - t**5/30 - t**4/24 - t**3/6 - 4*t**2. Determine q(2).
-3
Let t(f) = -f + 1. Suppose 2*s + 2*s - 56 = 0. Let w = s - 13. Calculate t(w).
0
Let v(t) = t**2 - 7*t + 9. Let g(f) = f**2 - f + 1. Let o(u) = -2*g(u) + v(u). Determine o(-6).
1
Let l(q) be the third derivative of -q**4/24 - 3*q**3/2 - 5*q**2. Let u(d) = -6*d**2 - d. Let n be u(-1). What is l(n)?
-4
Let c(r) = 8 + 2*r - 1 - 5 + 0. Give c(-2).
-2
Let s(h) = -h - 10. Suppose 5*m + 7 = -28. Let f be s(m). Let c(w) = 0 + w**3 - 4*w**2 + 4 + 7*w**2. Determine c(f).
4
Let h(l) = l**3 + 6*l**2 + l + 6. Let x = -67 - 35. Let v be 3/(-2) + x/(-4). Suppose -2*i = -5*b - v, -2*i - 3*i + 3 = -3*b. Calculate h(b).
0
Let l(g) = -g**3 + 6*g**2 - 3*g - 1. Let j be 5 - (-3 - (1 - (3 + 1))). Calculate l(j).
9
Let v(k) = 2*k - 2. Let p = 0 + 2. Let s be 0 + -3 + 5 + p. What is v(s)?
6
Let k be (3*2)/(4/(-2)). Let f(n) = n**3 - 3*n. Let h(g) = -3*g**3 + g**2 + 9*g - 1. Let b(u) = -7*f(u) - 2*h(u). Let q be b(k). Let j(v) = 3*v**2. Give j(q).
12
Suppose -3*z + 23 = 4*h, -3*z = 2*z + 2*h - 29. Let a(l) be the first derivative of 1 + z*l**2 - 3*l**2 - l**2. Determine a(1).
2
Let u(w) = 10*w**2 + w + 1. Let a be 6*((-10)/(-3))/5. Let s be (a/(-12))/(2/6). What is u(s)?
10
Suppose -126*g - 72 = -108*g. Let y(s) = -3*s**2 + 5*s + 5. Let n(c) = c**2 - 2*c - 2. Let o(h) = -17*n(h) - 6*y(h). Calculate o(g).
4
Suppose -w - d + 7 = -2, 0 = -3*w + 3*d + 51. Suppose 5*a + w = -12. Let p(j) = 5*j**2 + j**3 + 3*j + 0*j - 5 + j**2. Calculate p(a).
5
Let d be (1/(-2))/(6/(-36)). Let m = 3 - d. Let v(j) = 8*j**2 - j + 0*j + 1 - 9*j**2. Calculate v(m).
1
Let z(g) = g**3 + g**2 - 2*g - 1. Let c(d) = -d**2 + 3*d + 7. Let v be c(5). Give z(v).
-13
Let p be 2*(18/(-4))/(-3). Suppose 5*q - n - 18 = -p, 0 = 3*q - n - 11. Let o(r) = 7*r**2 + 2. Let x(d) = -2*d**2 - 1. Let y(t) = -o(t) - 4*x(t). Give y(q).
6
Let m(y) = y + 7. Let x(c) = -c**2 - 4*c - 3. Let p be x(-4). Calculate m(p).
4
Let r(s) = -3*s - 5. Let v(w) = w + 6. Let m(f) = f + 7. Let z(p) = 4*m(p) - 5*v(p). Let j(a) = 4*r(a) - 11*z(a). Determine j(2).
0
Suppose z = 4*z. Let f(q) = z*q - 2 - 2*q**2 + q + q**2 + 2*q. Suppose 0 = -h + 2, -k + 0*h + 8 = 3*h. What is f(k)?
0
Let k(x) = -x - 1. Suppose 2*w + 25 = -3*w. Calculate k(w).
4
Suppose -4*w - 5*r - 4 = 0, 6*w - 5*w + 1 = -r. Let t(s) = 6*s**2 - 1. Determine t(w).
5
Let m(y) be the first derivative of y**4/4 - 5*y**3/3 + 7*y**2/2 - 4*y + 7. Calculate m(4).
8
Let i = -4 + 9. Suppose 9 = -i*t - 1. Let y(a) = 2*a**2 - 2. Calculate y(t).
6
Let b(d) = -5*d - d**2 + 0*d**2 + 2*d**2 + 3. Suppose 18 = 2*w - 5*w. Let q be (-14)/w - (-2)/3. What is b(q)?
-3
Let k(d) be the third derivative of -d**6/15 - d**5/30 + d**4/12 - d**3/6 - 2*d**2. Let j = -4 - -5. Give k(j).
-9
Let u(y) = y**2 - y - 2. Suppose 31 = 3*g + 1. Let d = g + -8. Give u(d).
0
Let y(s) = 12*s + 1. Let o = 116 - 117. Determine y(o).
-11
Let v = 94 + -89. Let o(m) = -m**3 + 5*m**2 + m. Calculate o(v).
5
Let w(t) = -2*t + 4*t**2 - 3*t**2 - 3*t + 1 + 2*t. Let l be 2/(-7) - 18/(-14). Determine w(l).
-1
Let w(n) be the second derivative of -n**5/20 + n**4/3 - 3*n**2/2 - 3*n. Determine w(3).
6
Let c(s) be the second derivative of s**5/20 - s**4/3 - 2*s**2 - 6*s. Calculate c(4).
-4
Let k(h) be the second derivative of 3*h**5/20 + h**4/12 + h**3/2 + 3*h**2/2 + 21*h. Calculate k(-2).
-23
Suppose -8 = 4*h + 4. Let s = 9 + -7. Let c(r) = r**2 + r**3 - s*r**2 - 3 + 2*r**2 + 2*r + 4*r**2. Calculate c(h).
9
Let n(h) = -2*h - 5*h + 4 + 3*h + 3*h. What is n(6)?
-2
Let a(p) = -p**